817 a prime number?
True
Is 1029741497 prime?
True
Is 7000943 a composite number?
False
Is 225871147 composite?
False
Is 41455 a composite number?
True
Is 604961 composite?
True
Is 12090461 a prime number?
False
Is 31029707 a composite number?
False
Is 58286819 a prime number?
True
Is 85946719 a composite number?
False
Is 1340489 prime?
True
Is 2160673 a prime number?
False
Is 3256501 a prime number?
False
Is 894293 prime?
False
Is 19994809 a prime number?
True
Is 39197693 a composite number?
False
Is 20529499 a composite number?
False
Is 2563711 a composite number?
False
Is 44299103 prime?
False
Is 7102859 a prime number?
True
Is 3112169 a composite number?
True
Is 35961283 a composite number?
False
Is 843485 a composite number?
True
Is 97821989 a prime number?
True
Is 274200757 a composite number?
True
Is 7198907 a prime number?
True
Is 181361 composite?
False
Is 31103737 prime?
False
Is 645542189 composite?
False
Is 170436221 a composite number?
True
Is 380539079 a prime number?
True
Is 1366009 a composite number?
False
Is 167089009 a prime number?
True
Is 1721929 prime?
False
Is 2415773 a prime number?
False
Is 9732439 a composite number?
False
Is 105417629 a prime number?
False
Is 23867387 a composite number?
False
Is 57684001 prime?
False
Is 4464619 composite?
True
Is 90081113 composite?
True
Is 965966429 composite?
False
Is 49639231 prime?
False
Is 1603853 a prime number?
True
Is 66739351 prime?
False
Is 60347099 prime?
True
Is 856244843 composite?
False
Is 37362935 a composite number?
True
Is 1907291 composite?
False
Is 196247 composite?
False
Is 3954949 prime?
False
Is 171491 prime?
True
Is 6543983 a prime number?
False
Is 6159721 prime?
True
Is 142895969 prime?
True
Is 10561099 a prime number?
True
Is 2669605 a composite number?
True
Is 143711 a composite number?
False
Is 2560739 a prime number?
True
Is 5310319 prime?
False
Is 856133 composite?
False
Is 2976881 prime?
True
Is 192081077 prime?
False
Is 279072533 composite?
False
Is 43221929 composite?
False
Is 4152745 a prime number?
False
Is 582661 a composite number?
True
Is 4399477 composite?
True
Is 293329 a prime number?
True
Is 1630357 a composite number?
False
Is 22380847 a prime number?
True
Is 8890039 composite?
False
Is 415393799 composite?
False
Is 3899227 prime?
True
Is 161969857 a composite number?
True
Is 79512919 a composite number?
True
Is 538537811 prime?
False
Is 4085489 prime?
True
Is 905551 a composite number?
False
Is 3879913 prime?
True
Is 53442343 composite?
False
Is 10704871 composite?
True
Is 199014919 prime?
True
Is 43245533 a composite number?
False
Is 245543737 a composite number?
False
Is 6736019 composite?
False
Is 218586869 a composite number?
False
Is 9925471 prime?
True
Is 28115903 prime?
False
Is 10070913 a composite number?
True
Is 5965717 a prime number?
False
Is 165981559 composite?
False
Is 1728061 composite?
False
Is 6308143 a composite number?
True
Is 592717 a prime number?
False
Is 193042189 prime?
True
Is 5685221 prime?
True
Is 52291583 a prime number?
False
Is 2549851 a composite number?
True
Is 17161039 a composite number?
True
Is 1253047 a composite number?
False
Is 3326259 composite?
True
Is 2951989 a prime number?
False
Is 1045963 composite?
False
Is 4586111 composite?
False
Is 40329431 prime?
False
Is 2683727 a composite number?
False
Is 1055726827 a composite number?
True
Is 196303 composite?
False
Is 3602581 prime?
True
Is 1122623 a prime number?
True
Is 610711 a composite number?
True
Is 1006722047 a prime number?
True
Is 21177803 a composite number?
False
Is 19587097 composite?
True
Is 3507367 composite?
False
Is 495065 a composite number?
True
Is 6881639 composite?
False
Is 918661 a prime number?
False
Is 76513037 a prime number?
True
Is 74236411 prime?
False
Is 4094479 prime?
True
Is 42945359 prime?
True
Is 49234433 prime?
True
Is 69105059 a composite number?
False
Is 17188859 a prime number?
True
Is 826129 a composite number?
False
Is 153815411 a composite number?
False
Is 120392629 a composite number?
True
Is 7431089 prime?
True
Is 7290619 composite?
True
Is 14961143 prime?
True
Is 1261779 a composite number?
True
Is 6260897 composite?
True
Is 6659057 composite?
False
Is 69121331 a composite number?
True
Is 12387973 a composite number?
True
Is 218345423 a prime number?
True
Is 1933733 prime?
False
Is 3610979 a prime number?
True
Is 12501413 a prime number?
True
Is 408162122 composite?
True
Is 1253383 a composite number?
True
Is 12877442 a prime number?
False
Is 1849841 prime?
False
Is 801997 a composite number?
True
Is 2016631 a composite number?
True
Is 345853 a composite number?
False
Is 30376751 prime?
True
Is 103490251 a prime number?
True
Is 32015479 prime?
True
Is 25799849 composite?
False
Is 434295073 prime?
False
Is 1094711 a composite number?
False
Is 16497067 a composite number?
True
Is 759682843 a composite number?
False
Is 20205209 a composite number?
True
Is 13917601 a prime number?
False
Is 51328447 composite?
True
Is 29619169 a composite number?
False
Is 140228857 prime?
True
Is 4676329 a composite number?
True
Is 17369621 a prime number?
True
Is 119150429 a prime number?
True
Is 387143 a composite number?
True
Is 13614401 a prime number?
True
Is 735617 a composite number?
False
Is 15167021 composite?
False
Is 3902083 composite?
True
Is 1571473 prime?
False
Is 11214107 a prime number?
True
Is 27386347 composite?
False
Is 33588851 a composite number?
False
Is 286079 a composite number?
True
Is 5135653 a prime number?
True
Is 22613293 prime?
False
Is 959767 a composite number?
True
Is 75457099 prime?
True
Is 82039819 prime?
False
Is 143669 prime?
True
Is 197136473 prime?
False
Is 110005421 a composite number?
True
Is 1392715 prime?
False
Is 1285690853 prime?
True
Is 466634219 prime?
True
Is 215897611 a composite number?
False
Is 4866449 a composite number?
True
Is 7203161 a prime number?
False
Is 1358197 a composite number?
False
Is 2934157 a composite number?
True
Is 2998133 a prime number?
True
Is 50718653 composite?
False
Is 1986209 a prime number?
False
Is 4106743 a composite number?
False
Is 12966703 a prime number?
True
Is 58735231 a prime number?
True
Is 252277 prime?
True
Is 6184757 composite?
False
Is 147083411 prime?
False
Is 3314095 composite?
True
Is 888857 prime?
True
Is 2884699 a composite number?
False
Is 78038897 a composite number?
True
Is 56709823 composite?
True
Is 2034923 a composite number?
True
Is 31898177 prime?
True
Is 778819 a prime number?
True
Is 11979463 a composite number?
False
Is 1577053 a composite number?
True
Is 195389 a composite number?
False
Is 6902473 prime?
False
Is 126525319 a composite number?
False
Is 6815681 a composite number?
True
Is 85066 a prime number?
False
Is 557477 a prime number?
False
Is 157404937 prime?
True
Is 381371 a prime number?
True
Is 24669131 a prime number?
True
Is 1996894289 a composite number?
True
Is 54479011 a composite number?
False
Is 7014521 a composite number?
False
Is 5945573 prime?
True
Is 3465659 prime?
True
Is 688205171 a prime number?
True
Is 44389753 composite?
True
Is 48003311 a composite number?
False
Is 3972277 a prime number?
False
Is 9208137 composite?
True
Is 22833823 composite?
False
Is 40463363 prime?
True
Is 33992111 a prime number?
False
Is 2449787 a prime number?
True
Is 33550501 a composite number?
False
Is 200063 prime?
True
Is 8840201 a composite number?
False
Is 17765933 a composite number?
False
Is 147982699 prime?
False
Is 4776613 a composite number?
True
Is 61778699 a composite number?
False
Is 29401033 prime?
False
Is 9088369 prime?
True
Is 7693979 a composite number?
True
Is 36119719 prime?
True
Is 1070809 a composite number?
True
Is 1816277 a composite number?
True
Is 32556605 a prime number?
False
Is 3188293 prime?
False
Is 1767179 prime?
False
Is 211129 composite?
False
Is 101596921 prime?
False
Is 1505311 a prime number?
True
Is 120619991 prime?
False
Is 70109087 a prime number?
True
Is 3759181 prime?
False
Is 23016173 a composite number?
False
Is 128723593 a composite number?
True
Is 2053001 a composite number?
False
Is 63209815 a prime number?
False
Is 21135799 a composite number?
True
Is 2323747 prime?
False
Is 56496287 a prime number?
False
Is 5523907 a prime number?
False
Is 13124803 composite?
False
Is 4387